 4 + 2 + -5 + 4
2
What is the value of -3 - ((1 - 1) + 5) - -5?
-3
Evaluate 0 + -3 + -1 + 0.
-4
What is the value of (2 - (8 - 1)) + (-71 - -81)?
5
Calculate 7 + (-6 - -4) + (-12 - -5).
-2
Evaluate -8 + 8 - (1 + -2 + -3).
4
What is the value of (0 + 3 - -6) + -2?
7
What is the value of 42 + -37 - (10 + 1)?
-6
Calculate 1 - -4 - (0 - (-2 + 1)).
4
Evaluate -4 + (-5 - -4) + 2.
-3
What is the value of -6 - 1 - (-4 - (-1 + -4))?
-8
-1 - 9 - (-2 + -5)
-3
Evaluate -2 - (-2 - (-1 - -4)).
3
Evaluate 10 - 0 - (36 + -34).
8
Evaluate -7 + 14 + (3 - 10 - 1).
-1
Calculate -4 - (-1 - (3 + 0 + -1)).
-1
What is the value of (-5 - 1 - -2) + (-46 - -46)?
-4
-2 - ((-15 - -18) + 1 + -5)
-1
1 + 1 + 3 + 0
5
Calculate -1 + 6 - 2 - 0.
3
What is the value of (2 - 0) + (5 - (-11 + 12))?
6
Evaluate -1 + (4 + 0 + -2 - -2).
3
What is the value of -6 + 4 + (2 - 1) + -4?
-5
What is (3 - (-7 - -12)) + (0 - -2)?
0
1 - 0 - (-4 - (6 - 4))
7
Evaluate -10 + -1 + 11 + (-2 - -6).
4
What is the value of (1 - -1 - 2) + 11 + -13?
-2
What is the value of 0 + 2 + -2 + (-1 - -1)?
0
Evaluate 0 + (-5 - -9 - 7) + -2.
-5
Evaluate 0 + -1 - (24 + -23).
-2
What is -2 - (-5 - (0 - (7 + -4)))?
0
Evaluate (6 - (-4 - -18)) + 4.
-4
What is the value of (-7 + 8 - 3) + 0?
-2
What is the value of (7 - -1) + -2 + (3 - 6)?
3
Calculate 16 - (4 - (4 - 8)).
8
Calculate (-6 - -6) + 3 + -2 + -1.
0
What is the value of 6 + -14 + 0 + 3 + 1?
-4
What is 11 + -14 + (0 - -2)?
-1
Evaluate 1 + 4 + (0 - 1).
4
Calculate (9 - 11) + -1 - (2 - 3).
-2
-4 + (-1 + 7 - -3)
5
((0 - 0) + 2 - 5) + 5
2
What is 3 + -3 + (-2 - -3) + 1?
2
-2 + 8 + -10 + 8
4
Calculate -5 + -5 + (2 - (-8 - -5)).
-5
What is 11 + -7 + (-3 - -4)?
5
What is -10 - -5 - (1 - 1) - -6?
1
What is 91 + -85 + (1 - 2)?
5
10 + -10 - (-1 - -3)
-2
What is 8 - (-54 - -57 - (-2 + 1))?
4
Calculate -2 - (-10 + 0 - -4).
4
What is the value of -2 + 0 + -9 + 19?
8
What is 21 + -16 + (-11 - 2)?
-8
What is the value of 5 + (0 - (8 - 6))?
3
(-2 - 8) + (0 - -2) + 1
-7
(-9 - (-4 - -3)) + (19 - 20)
-9
Calculate -5 + 17 + (-7 - 0).
5
What is the value of 2 + -7 + 5 + -4?
-4
-7 - (-11 + (3 - 0))
1
What is the value of 1 - (7 + -4 + 2)?
-4
4 + -9 + 4 - 4
-5
What is 2 - (1 + 0 + -2)?
3
Calculate -8 - (12 - 13) - -11.
4
Calculate (-16 - -10) + -6 - -4.
-8
Calculate (6 + -4 - (2 - 2)) + -6.
-4
(-6 - 1) + 14 + -5
2
Evaluate -3 - (-1 + (-1 - 5) - -2).
2
What is (-1 - 1) + (-49 - -48)?
-3
(-4 - (0 - 0)) + -6 - -5
-5
Evaluate -3 - (-3 + (-6 - -10) + -2).
-2
Calculate 6 + (-11 - (-3 + -2)) + 7.
7
Calculate 7 + -1 + -2 + -3.
1
Calculate -5 + -7 - (-13 + 8).
-7
What is the value of 2 + -4 + (2 - -2) + 2?
4
What is 16 + (-17 - -14 - 10)?
3
Evaluate -1 - -3 - (-8 + 4 + 14).
-8
What is the value of -41 + 25 + (9 - -2) + -3?
-8
Calculate 1 + (6 - 4) + -1.
2
3 - (-2 + 1 - (5 - 4))
5
Evaluate 0 + 0 + 2 + -4 + -3.
-5
What is -5 + (12 - 7) + 6?
6
What is the value of -9 + -7 + 5 - -5?
-6
(0 - -4) + -3 + 0
1
What is -2 - (7 + -4 + -2)?
-3
What is the value of 6 - 8 - (0 - (5 - 1))?
2
What is the value of -11 - (3 + -1 - (6 + 0))?
-7
Calculate 0 - (10 - 9 - 6).
5
What is (-2 - 0) + -3 + 9?
4
What is -4 + (4 - 6) - -9?
3
Calculate -7 + -4 - (-18 - -8).
-1
-4 - (1 - 3 - -3)
-5
Evaluate -1 + 0 - 3 - 1.
-5
Evaluate -20 + 16 - (1 - 0).
-5
Evaluate (-4 - -5) + 1 + -2 + -3.
-3
What is the value of 2 + 2 + (11 - (18 + -7))?
4
5 - (-1 - -1) - (7 + 0)
-2
What is -4 - (-4 + 6 + -3)?
-3
Evaluate -4 + (2 - -5) + -9.
-6
Evaluate (12 + -15 - 3) + -1.
-7
1 - (6 + -8 + 0)
3
What is the value of 2 + 2 + -2 - (11 - 10)?
1
Calculate 1 + -2 + -3 - -7.
3
Calculate -1 + -2 + 3 + (-4 - -4).
0
Evaluate 5 - -3 - (11 - 5).
2
What is (2 - 0) + -9 + 2?
-5
What is (-1 - -10) + -5 - (4 - -1)?
-1
Calculate -6 - ((8 - (-3 - -6)) + -11).
0
Evaluate 9 + (-7 - (2 - 4)).
4
What is 9 - -1 - (-137 + 138)?
9
What is 2 + 1 + 1 + -88 + 82?
-2
Evaluate -9 - -3 - -8 - 13 - 0.
-11
-4 + 3 + -2 + (18 - 17)
-2
Calculate -2 + -5 + 1 + 2.
-4
What is 1 + -1 + (4 - (-5 + 4))?
5
Evaluate -4 + (-1 - -4) + 0.
-1
What is the value of -9 - (-11 + 5) - 1?
-4
What is (-2 - 0) + (-2 - -4)?
0
What is the value of 4 + -7 + 4 + -5?
-4
Calculate -3 - ((-3 - -3) + (3 - -3)).
-9
What is 1 + 2 + 1 + -1 + 0?
3
Evaluate (5 - 1) + -7 - 0.
-3
-8 + (0 + -8 - -11)
-5
What is the value of 2 + 11 - (9 - -1)?
3
What is (-13 - (-16 + 7)) + 3?
-1
What is (-218 - -235) + (-5 - 1)?
11
Evaluate -12 + 2 + 4 + 3 + 0.
-3
Calculate -2 + (-2 + 3 - 2).
-3
What is 9 + -3 - 4 - 4?
-2
(-41 - -44) + 0 + -1
2
Evaluate (1 - 4) + 4 + (51 - 52).
0
Evaluate (-4 - -9) + -4 + -1.
0
What is the value of -3 + 2 + (-43 - -41)?
-3
Evaluate 2 + -7 + (7 - 3) + -5.
-6
What is the value of -6 - -1 - (-5 + -2 - -3)?
-1
Evaluate -1 + 7 - (2 - (-7 + 7)).
4
What is the value of -2 + 11 + -12 + 4?
1
What is the value of 3 + 1 + (3 - (-1 + 5))?
3
What is (17 - 16 - (-7 - 3)) + -6?
5
What is 6 + -2 + 0 + 1 + 0?
5
What is (38 - 31) + 2 + -9?
0
Calculate -11 + 12 + 8 - 16.
-7
Calculate 1 + (-1 - ((-2 - 2) + 2)).
2
What is (-1 - -2) + (6 - 5) - -3?
5
1 + 7 + -2 + 19 + -26
-1
What is the value of 7 - (8 + -1 + 11 + -13)?
2
What is 8 - (-2 - -4) - 6?
0
Evaluate -4 - (3 + -2) - (1 + -2).
-4
2 - (-4 + -4 - -10)
0
-81 - -71 - (2 + -1 - 5)
-6
Evaluate 0 - (-5 + 5) - (2 + -6).
4
What is -3 - -2 - -3 - (-1 + -1)?
4
What is the value of 0 - -3 - (6 + -3 - 5)?
5
Evaluate -2 - (6 + 0 + -3 + 0).
-5
Evaluate -3 + 4 + -2 + (-8 - -6).
-3
(-13 + 19 - 2) + -7
-3
Calculate 1 + -12 + 69 + -60.
-2
What is the value of 2 + (2 - 0) - 4?
0
What is the value of -2 - 3 - (-9 + -5 + 3)?
6
(-4 + -2 - -3) + 4
1
(1 - (-6 - 0)) + -9 + 7
5
What is (-1 + 2 - 1) + 4?
4
1 + (-4 - -2) + (-4 - -2)
-3
Calculate -1 - (-7 - (-6 + -4)).
-4
(0 - 5 - (13 + -11)) + 4
-3
Evaluate -8 - (-6 - 7) - (-1 - 0).
6
What is the value of 6 + 6 + -6 + -7?
-1
What is (-3 - 0) + 0 + 1 + 7?
5
1 - (-4 + 4) - 3
-2
What is the value of 10 - (4 - -10) - -1?
-3
Calculate 4 + (4 - (-3 + 3) - 3).
5
What is the value of -8 + (1 - (0 + -9))?
2
1 + -3 + 3 - 5
-4
What is (2 - (-2 + 1)) + 1?
4
Calculate -5 + -3 + -5 + 5 + 4.
-4
4 - (5 - (-6 - -9))
2
Calculate (6 - -2) + (1 - 5).
4
What is the value of (-1 - (2 + -3)) + 2?
2
Evaluate 0 + -2 + -58 + 58.
-2
Evaluate (473 - 480) + 0 + 0 + 13.
6
3 - (-4 + 5) - (2 - 7)
7
Calculate (-7 - (-4 + -2)) + (1 - -2).
2
Evaluate 4 + 2 + -12 + 11 + -12.
-7
-4 + -3 + 14 + -6
1
What is the value of -6 + -1 - (-6 + -4)?
3
Calculate 73 - 68 - (1 - -1 - -8).
-5
Calculate -6 - (4 - 1 - (1 + 5)).
-3
What is the value of -8 + (7 - (0 + 3)) - 0?
-4
Evaluate 3 + -5 + (0 - (-1 - 3)).
2
Evaluate 0 - 3 - (-1 - 4).
2
What is the value of -3 - (-8 + (-6 - -8 - -12))?
-9
-2 + (-4 - 0) - (-2 - -1)
-5
What is the value of 0 - (2 - 9) - 6?
1
Evaluate 10 + -7 + 2 - (0 - -7).
-2
What is (3 - (-3 - -4)) + 1?
3
2 + 5 + -8 - -5
4
Calculate 7 - (19 + (3 - 11)).
-4
Calculate 9 + (-3 - -6) + -4.
8
What is -1 - (-5 - (-12 - -5))?
-3
Evaluate 2 + -5 - (25 - 19 - 5).
-4
What is 6 + -1 + -5 + 3?
3
What is 5 - (-2 + 10) - -9?
6
(-15 - -9) + (0 - 1)
-7
What is 1 - (-1 - -3) - (0 - 1)?
0
Evaluate (13 - 15) + -13 - -24.
9
Evaluate 0 + 7 + -7 + 2 + 0.
2
Calculate (-20 - -37) + -11 - (4 + -1).
3
Evaluate -6 - ((4 - 0) + -1 + -10).
1
Calculate 4 + 2 + -3 - 1.
2
Evaluate 4 - ((1 - 1) + 6).
-2
4 - 1 - (10 + -7) - -2
2
Calculate (0 - -6) + -7 + 0.
-1
7 - (-6 + 8 + -8 + 10)
3
7 - (2 - -2) - -2 - 11
-6
(-2 - -5 - 2) + -7 - -4
-2
What is -6 + 3 + -4 + 5?
-2
Calculate 0 + 1 + (-7 - 3 - -7).
-2
What is the value of 6 - (-1 + 10) - 0?
-3
What is -3 + 10 + 3 + 2 + -4?
8
What is the value of 2 + (2 - 11) - -4?
-3
What is 2 - (-1 + 7 - 3)?
-1
Evaluate 3 + (3 - 6 - 1).
-1
What is 7 + -9 + 5 + 2 + -2?
3
-6 + 8 + -16 - 3 - -7
-10
What is 11 + -2 + (-126 - -107)?
-10
Evaluate 1 - (1 + -4 + 2).
2
(3 - (2 - (5 - 1))) + -1
4
What is 2 + -5 - (-5 + -1 - -7)?
-4
-3 + (14 - ((3 - -6) + -2))
4
(3 - 2) + (5 - 6)
0
Evaluate (2 - 0) + (1 - (0 + 8)).
-5
What is the value of -17 + 27 + (0 - 5)?
5
Evaluate -1 - (-1 + -1) - (-2 + 0).
3
What is the value of (-114 - -118) + -1 + (-2 - 0)?
1
-57 + 48 - (-4 - (-1 - -2))
-4
Evaluate (-13 - -5 - -2) + (4 - -1).
-1
What is the value of 0 + 3 - 1 - -5 - 6?
1
-6 + (1 - (5 - 8))
-2
What is (2 - -3 - 4) + -2?
-1
What is -2 - (2 - (0 - 2 - -3))?
-3
Evaluate (-4 - (1 + -2)) 